s the tens digit of 34 - ((t - 5) + 4)?
3
Suppose 6 + 2 = 2*j. Suppose -3 = -j*a + 13. Suppose 5*p - x - 50 = 4*x, a*x = 2*p - 24. What is the units digit of p?
8
Let a = -8 + 11. Suppose 4*s + a*g = 8*g + 122, -2*s = 2*g - 52. What is the units digit of s?
8
Let v = -34 - -53. What is the tens digit of v?
1
Suppose 5 = -r + 7. Suppose r*f + 4 = -8. Let n = 2 - f. What is the units digit of n?
8
Let s be 8*(3/2 - 1). Suppose -s*l - l = -85. Let m = l - 12. What is the units digit of m?
5
Let x(r) = -r**3 - 6*r**2 - 3*r - 9. Let k be x(-6). Suppose -6 = -3*l + k. Let b = 7 - l. What is the units digit of b?
2
Let k = 51 + -3. What is the tens digit of k?
4
Suppose -4*c - c = -5*b + 50, -b + 34 = -4*c. Let g be 36/16*c/3. What is the units digit of 9/g*(-8)/6?
2
Suppose 12 = 3*u + 4*x, -x - 16 = -4*u - 0*x. Suppose 3*l = a - 2*l + 20, u*a + 5*l = 20. Suppose 3*o + a*o = 3. What is the units digit of o?
1
Suppose -4*c + q + 7 = 0, -c + 2*q - 1 = -q. Suppose -5*t + m - 64 = 0, -7*t = -c*t + 4*m + 44. What is the units digit of 2*4*t/(-8)?
2
Suppose 0 = w - s - 282, 0*w - 3*s + 290 = w. What is the hundreds digit of w?
2
Let g(m) = 24*m + 0*m**2 + 0 - 25*m + 3 + 2*m**2. What is the units digit of g(3)?
8
Let h = -8 - -13. Suppose -t - 1 + 5 = -h*r, -4*t = -16. Suppose -n + 5 + r = 0. What is the units digit of n?
5
What is the tens digit of (40/45)/(-4) + 1444/18?
8
Let j be (-8)/(-28) - (-12)/7. Let i(g) = 20*g. Let b be i(j). What is the units digit of (b/25)/((-2)/(-10))?
8
Let i be 3 + -7 + 3 - -17. What is the units digit of i/24*(-186)/(-4)?
1
Suppose -4*s = -2*s - 80. What is the tens digit of s?
4
Let a(g) = -8*g + 0*g**2 + 4 - g**2 + 0*g**2. Suppose j + 13 = 5. What is the units digit of a(j)?
4
Suppose 2*g + 2*s = 658, 4*s + 1145 + 491 = 5*g. What is the units digit of g?
8
Let c = -3 + 15. Let w = 17 - c. Let q(j) = -j**3 + 6*j**2 - 4*j + 3. What is the units digit of q(w)?
8
Let x(h) = 3*h - 7. Let u be x(5). Let s(g) = g - 16. Let w(v) = -v + 16. Let k(b) = 4*s(b) + 5*w(b). What is the units digit of k(u)?
8
Let m be ((-8)/16)/(2/(-16)). Let w(j) = j**3 - 5*j**2 + 7*j - 6. What is the units digit of w(m)?
6
What is the tens digit of (774/(-18))/(-1 + 0)?
4
Suppose 0 = 4*l + 16, 550 = 5*u + 4*l - 9*l. What is the tens digit of u?
0
Let k = 209 - 31. What is the hundreds digit of k?
1
Let w = -46 - -57. What is the tens digit of w?
1
Suppose 0*b + 52 = -4*b + 4*f, 3*f = 5*b + 55. Let k(q) = -q**2 - 8*q + 11. What is the units digit of k(b)?
1
Let l = -26 - -268. What is the units digit of l?
2
Suppose 5 - 1 = v. Suppose -v*s = -s. What is the tens digit of 11 + 2 - s/1?
1
Let f(j) = 3*j**2 + 10*j + 5. Let l be (-11)/3 + 2/(-6). Let t(q) = -4*q**2 - 11*q - 4. Let m(y) = l*t(y) - 5*f(y). What is the units digit of m(8)?
7
Suppose 148 = 3*g - 7*g. Let o = 38 - g. Suppose 4*w + o = 9*w. What is the tens digit of w?
1
Let n = 485 + -302. What is the units digit of (-6)/(-8) + n/12?
6
Let z(w) = -w**3 - 4*w**2 + 2*w - 8. Let g be z(-6). Suppose -5*c + g = -53. What is the units digit of c?
1
What is the units digit of (-255)/(-10) - 2/(-4)?
6
Suppose 4*c + 2 = i - 6, -3*c = -i + 7. Let t be (-12)/(-5) - (-4)/(-10). Let z = t - c. What is the units digit of z?
3
Let t = -21 + 15. What is the units digit of (t/2)/((-3)/11)?
1
Suppose 5*k + 9 = -3*l, 4*k - 2 = -5*l - 4. What is the units digit of l?
2
Let i(m) = -4*m - 3*m + m + 1 + 3*m. What is the units digit of i(-12)?
7
Suppose -40 = -16*y + 11*y. Suppose -k = -y - 11. What is the tens digit of k?
1
Suppose 0 = 3*i - 12 + 3, 0 = 4*g + 2*i - 10. Let d = 3 - g. What is the units digit of d?
2
Let x(o) = 23*o**2 - 5*o + 3. What is the tens digit of x(2)?
8
Let n = 40 - 24. What is the units digit of n?
6
Let p be (3/6)/(-1)*-2. Let u = 18 - p. What is the units digit of u?
7
Suppose 13*f - 2342 = 154. What is the tens digit of f?
9
Suppose -7 = -q - 6. What is the units digit of (0 + -2 - -4) + q?
3
Suppose -77 = -4*i - 4*w + 59, 0 = 2*i - 3*w - 43. What is the units digit of i?
9
What is the units digit of 1/((-106)/36 - -3)?
8
Let n = -16 - -22. Let a be 1*-6*(-2)/n. Suppose -5*h = -2*y + 57, -a*y - 2*h + 15 = -7. What is the units digit of y?
6
Let g = 12 - 7. Suppose -161 = -g*z - 6. Let t = -19 + z. What is the units digit of t?
2
Let t = 7 - 3. Let y(a) = a**2 - 6*a - 2. Let l be y(t). Let r = l + 33. What is the units digit of r?
3
What is the units digit of 12/(-28) + 468/14?
3
Let f be (-32)/6*(-6)/4. Suppose -3*k = -f*k + 85. What is the tens digit of k?
1
Let i(x) = 4*x - 6. Let z be i(5). Suppose -3*a - 5 = -z. Suppose a*v + 24 = 5*v. What is the units digit of v?
2
Let q = 46 + 7. What is the units digit of q?
3
Let t = -1 + 5. Suppose -t*a + 55 = 3*m, 2*m = 3*m + 4*a - 13. Suppose -1 + m = g. What is the units digit of g?
0
Suppose u = -8 + 19. Let m = u + -5. What is the units digit of m?
6
Suppose 4*h + 87 = 3*t, 4*t + 6*h - h = 147. What is the tens digit of t?
3
Let f = 58 - 26. What is the units digit of f?
2
Let z(v) = -v**2 + 2*v + 2. Let p be z(6). What is the tens digit of p*(-3 + (-15)/(-6))?
1
Let g(q) = -q**3 - 6*q**2 - 8*q - 4. Suppose 11 = -4*v - 3*w, -2*w + 3*w - 3 = 0. What is the units digit of g(v)?
1
Let v = -2 - 7. Let x = v + 6. Let d = x + 4. What is the units digit of d?
1
Suppose 5*u = 7 - 2. Suppose 5*a - a = 3*n - 27, -2*n + 2 = 0. What is the units digit of (-1 - u) + (-114)/a?
7
Let d(a) = 0*a - 2*a + 2*a**2 + 1 + 4*a. Let y = 1 - 3. What is the units digit of d(y)?
5
Suppose 5*a - 96 = -3*l + 114, 5*a + 4*l - 205 = 0. What is the units digit of a?
5
Let c(v) = -v**3 + 10*v**2 + 2. Let a be c(10). Let y = 9 - a. Let l = y - 2. What is the units digit of l?
5
Let v(a) = a**2 + 4*a + 7. Suppose -6*s + 2*s - 24 = 0. What is the tens digit of v(s)?
1
Let j be ((-8)/(-5))/((-6)/(-15)). Suppose 0*k + j*k = 40. Suppose 4*w = 2*t + 8, 3*w + w - k = t. What is the units digit of w?
3
Let b(y) = 3*y**2 - 2*y - 9. What is the units digit of b(-5)?
6
Let t(z) = 2*z**2 - 4*z - 11. What is the units digit of t(-4)?
7
Let h(g) = 7*g**2 - 9*g + 14. What is the tens digit of h(6)?
1
Let o(b) = -b**3 - 3*b**2 + 5*b + 7. What is the tens digit of o(-6)?
8
Let t be (-73)/(-15) + (-9)/((-945)/14). Suppose 8 = 2*v - 0. Suppose 0 = -t*b - v*u + 125, -3*b + 0*b = -2*u - 53. What is the tens digit of b?
2
Suppose 0 = -y - y + 136. What is the tens digit of y?
6
Let w(u) = u**3 - 6*u**2 - 7*u + 7. Let v be w(7). Let s(y) = y - 6. What is the units digit of s(v)?
1
Let x be 12/66 + (-20)/(-11). Suppose 62 = x*y - 0. What is the tens digit of y?
3
Let n(l) = l + 8. Let c be n(0). Suppose 5*m = 2 + c. What is the units digit of m?
2
Suppose -3 + 63 = 4*i. Suppose 3*k - 18 - i = 0. What is the tens digit of k?
1
Let s(f) = f**2 - 12*f + 5. Let c be s(12). Let k = -3 + c. Suppose 3 = -t, -k*t - t + 27 = 4*w. What is the units digit of w?
9
Suppose 4*o + 4*k - 44 - 176 = 0, -2*o = -k - 98. What is the tens digit of o?
5
Let w(p) = p**2 - 9*p + 14. Let o be w(6). What is the units digit of (8 - 6)*(-46)/o?
3
Let f be 33/(-7) - (-12)/(-42). Let s = -19 - -29. What is the units digit of s*((-2)/f - 0)?
4
Suppose -9*b + 75 + 60 = 0. What is the tens digit of b?
1
Let v(m) = m - 21. Let j = -15 - -26. Let u be v(j). Let o(g) = g**3 + 10*g**2 + 13. What is the tens digit of o(u)?
1
Suppose 0 = 5*f + 4 - 14. Suppose -f*o - 2*w = -40, -w = o + w - 23. What is the tens digit of o?
1
Let p be 4/(4/2) - 0. Suppose p*k - 4 = -2*k. What is the units digit of k?
1
Let f = 9 - 5. Suppose -f*h = 4*r - 40, -11 = -h + 4*r - 1. What is the units digit of h?
0
Let d = 7 - 3. Let i(r) = r**2 - 4*r + 1. Let v be i(d). What is the units digit of -14*(-2)/4*v?
7
Let m(v) = 3*v**2 - 2*v + 1. What is the units digit of m(2)?
9
Suppose -204*g + 205*g = 396. What is the hundreds digit of g?
3
Let y(q) = -2*q**3 - 10*q**2 + 3*q - 7. What is the tens digit of y(-6)?
4
Let c = 13 + -8. What is the units digit of 1 - c/(5/(-2))?
3
Let p(g) = -3*g - 2. Let l = 3 - 0. Suppose -2*d + 10 + 5 = -l*m, d - 25 = 5*m. What is the units digit of p(m)?
3
Let j(f) = -f**3 - 3*f**2 + 5*f - 6. What is the units digit of j(-6)?
2
Suppose -v - 4*v = -2*g + 38, 0 = -g + 4. Let j = 38 - v. What is the tens digit of j?
4
Suppose -